{"id":98,"date":"2024-02-27T10:58:12","date_gmt":"2024-02-27T09:58:12","guid":{"rendered":"http:\/\/osmo.pl\/projekty\/?page_id=98"},"modified":"2024-02-27T12:00:05","modified_gmt":"2024-02-27T11:00:05","slug":"ekstrakty-pedy-sosny","status":"publish","type":"page","link":"http:\/\/osmo.pl\/projekty\/ekstrakty-pedy-sosny\/","title":{"rendered":"Ekstrakty p\u0119dy sosny"},"content":{"rendered":"<style>.kb-row-layout-id98_5e59ab-88 > .kt-row-column-wrap{align-content:start;}:where(.kb-row-layout-id98_5e59ab-88 > .kt-row-column-wrap) > .wp-block-kadence-column{justify-content:start;}.kb-row-layout-id98_5e59ab-88 > .kt-row-column-wrap{column-gap:var(--global-kb-gap-md, 2rem);row-gap:var(--global-kb-gap-md, 2rem);padding-top:var(--global-kb-spacing-sm, 1.5rem);padding-bottom:var(--global-kb-spacing-sm, 1.5rem);grid-template-columns:minmax(0, 1fr);}.kb-row-layout-id98_5e59ab-88 > .kt-row-layout-overlay{opacity:0.30;}@media all and (max-width: 1024px){.kb-row-layout-id98_5e59ab-88 > .kt-row-column-wrap{grid-template-columns:minmax(0, 1fr);}}@media all and (max-width: 767px){.kb-row-layout-id98_5e59ab-88 > .kt-row-column-wrap{grid-template-columns:minmax(0, 1fr);}}<\/style><div class=\"kb-row-layout-wrap kb-row-layout-id98_5e59ab-88 alignnone wp-block-kadence-rowlayout\"><div class=\"kt-row-column-wrap kt-has-1-columns kt-row-layout-equal kt-tab-layout-inherit kt-mobile-layout-row kt-row-valign-top\">\n<style>.kadence-column98_5ff950-50 > .kt-inside-inner-col,.kadence-column98_5ff950-50 > .kt-inside-inner-col:before{border-top-left-radius:0px;border-top-right-radius:0px;border-bottom-right-radius:0px;border-bottom-left-radius:0px;}.kadence-column98_5ff950-50 > .kt-inside-inner-col{column-gap:var(--global-kb-gap-sm, 1rem);}.kadence-column98_5ff950-50 > .kt-inside-inner-col{flex-direction:column;}.kadence-column98_5ff950-50 > .kt-inside-inner-col > .aligncenter{width:100%;}.kadence-column98_5ff950-50 > .kt-inside-inner-col:before{opacity:0.3;}.kadence-column98_5ff950-50{position:relative;}@media all and (max-width: 1024px){.kadence-column98_5ff950-50 > .kt-inside-inner-col{flex-direction:column;}}@media all and (max-width: 767px){.kadence-column98_5ff950-50 > .kt-inside-inner-col{flex-direction:column;}}<\/style>\n<div class=\"wp-block-kadence-column kadence-column98_5ff950-50\"><div class=\"kt-inside-inner-col\"><style>.kb-image98_9731d5-b1 .kb-image-has-overlay:after{opacity:0.3;}<\/style>\n<div class=\"wp-block-kadence-image kb-image98_9731d5-b1\"><figure class=\"aligncenter size-large\"><img loading=\"lazy\" decoding=\"async\" width=\"1024\" height=\"112\" src=\"http:\/\/osmo.pl\/projekty\/wp-content\/uploads\/2024\/02\/fundusze-europejskie-baner-informacyjny-1024x112.jpg\" alt=\"fundusze europejskie baner informacyjny\" class=\"kb-img wp-image-76\" srcset=\"http:\/\/osmo.pl\/projekty\/wp-content\/uploads\/2024\/02\/fundusze-europejskie-baner-informacyjny-1024x112.jpg 1024w, http:\/\/osmo.pl\/projekty\/wp-content\/uploads\/2024\/02\/fundusze-europejskie-baner-informacyjny-300x33.jpg 300w, http:\/\/osmo.pl\/projekty\/wp-content\/uploads\/2024\/02\/fundusze-europejskie-baner-informacyjny-768x84.jpg 768w, http:\/\/osmo.pl\/projekty\/wp-content\/uploads\/2024\/02\/fundusze-europejskie-baner-informacyjny-1536x167.jpg 1536w, http:\/\/osmo.pl\/projekty\/wp-content\/uploads\/2024\/02\/fundusze-europejskie-baner-informacyjny.jpg 2048w\" sizes=\"(max-width: 1024px) 100vw, 1024px\" \/><\/figure><\/div>\n<\/div><\/div>\n\n<\/div><\/div>\n\n<style>.kb-row-layout-id98_ae670c-16 > .kt-row-column-wrap{align-content:start;}:where(.kb-row-layout-id98_ae670c-16 > .kt-row-column-wrap) > .wp-block-kadence-column{justify-content:start;}.kb-row-layout-id98_ae670c-16 > .kt-row-column-wrap{column-gap:var(--global-kb-gap-md, 2rem);row-gap:var(--global-kb-gap-md, 2rem);max-width:800px;margin-left:auto;margin-right:auto;padding-top:var(--global-kb-spacing-5xl, 10rem);padding-bottom:var(--global-kb-spacing-5xl, 10rem);grid-template-columns:minmax(0, 1fr);}.kb-row-layout-id98_ae670c-16{background-image:url('http:\/\/osmo.pl\/projekty\/wp-content\/uploads\/2024\/02\/Projekt-Ekstrakty-Pedy-Sosny.jpg');background-size:cover;background-position:50% 4%;background-attachment:scroll;background-repeat:no-repeat;}.kb-row-layout-id98_ae670c-16 > .kt-row-layout-overlay{opacity:0.30;}@media all and (max-width: 1024px){.kb-row-layout-id98_ae670c-16 > .kt-row-column-wrap{grid-template-columns:minmax(0, 1fr);}}@media all and (max-width: 767px){.kb-row-layout-id98_ae670c-16 > .kt-row-column-wrap{grid-template-columns:minmax(0, 1fr);}}<\/style><div class=\"kb-row-layout-wrap kb-row-layout-id98_ae670c-16 alignnone kt-row-has-bg wp-block-kadence-rowlayout\"><div class=\"kt-row-column-wrap kt-has-1-columns kt-row-layout-equal kt-tab-layout-inherit kt-mobile-layout-row kt-row-valign-top\">\n<style>.kadence-column98_b532ea-eb > .kt-inside-inner-col{display:flex;}.kadence-column98_b532ea-eb > .kt-inside-inner-col{padding-top:var(--global-kb-spacing-lg, 3rem);padding-right:var(--global-kb-spacing-sm, 1.5rem);padding-bottom:var(--global-kb-spacing-lg, 3rem);padding-left:var(--global-kb-spacing-sm, 1.5rem);}.kadence-column98_b532ea-eb > .kt-inside-inner-col{border-top:0px solid #ff9700;border-right:0px solid #ff9700;border-bottom:0px solid #ff9700;border-left:0px solid #ff9700;}.kadence-column98_b532ea-eb > .kt-inside-inner-col,.kadence-column98_b532ea-eb > .kt-inside-inner-col:before{border-top-left-radius:40px;border-top-right-radius:40px;border-bottom-right-radius:40px;border-bottom-left-radius:40px;}.kadence-column98_b532ea-eb > .kt-inside-inner-col{column-gap:var(--global-kb-gap-sm, 1rem);}.kadence-column98_b532ea-eb > .kt-inside-inner-col{flex-direction:row;flex-wrap:wrap;align-items:center;justify-content:center;}.kadence-column98_b532ea-eb > .kt-inside-inner-col > *, .kadence-column98_b532ea-eb > .kt-inside-inner-col > figure.wp-block-image, .kadence-column98_b532ea-eb > .kt-inside-inner-col > figure.wp-block-kadence-image{margin-top:0px;margin-bottom:0px;}.kadence-column98_b532ea-eb > .kt-inside-inner-col > .kb-image-is-ratio-size{flex-grow:1;}.kt-row-column-wrap > .kadence-column98_b532ea-eb{align-self:center;}.kt-inner-column-height-full:not(.kt-has-1-columns) > .wp-block-kadence-column.kadence-column98_b532ea-eb{align-self:auto;}.kt-inner-column-height-full:not(.kt-has-1-columns) > .wp-block-kadence-column.kadence-column98_b532ea-eb > .kt-inside-inner-col{align-items:center;}.kadence-column98_b532ea-eb > .kt-inside-inner-col:before{opacity:0.3;}.kadence-column98_b532ea-eb{position:relative;}@media all and (max-width: 1024px){.kadence-column98_b532ea-eb > .kt-inside-inner-col{border-top:0px solid #ff9700;border-right:0px solid #ff9700;border-bottom:0px solid #ff9700;border-left:0px solid #ff9700;flex-direction:row;flex-wrap:wrap;align-items:center;justify-content:center;}}@media all and (min-width: 768px) and (max-width: 1024px){.kadence-column98_b532ea-eb > .kt-inside-inner-col > *, .kadence-column98_b532ea-eb > .kt-inside-inner-col > figure.wp-block-image, .kadence-column98_b532ea-eb > .kt-inside-inner-col > figure.wp-block-kadence-image{margin-top:0px;margin-bottom:0px;}.kadence-column98_b532ea-eb > .kt-inside-inner-col > .kb-image-is-ratio-size{flex-grow:1;}}@media all and (max-width: 767px){.kadence-column98_b532ea-eb > .kt-inside-inner-col{border-top:0px solid #ff9700;border-right:0px solid #ff9700;border-bottom:0px solid #ff9700;border-left:0px solid #ff9700;flex-direction:row;flex-wrap:wrap;justify-content:center;}.kadence-column98_b532ea-eb > .kt-inside-inner-col > *, .kadence-column98_b532ea-eb > .kt-inside-inner-col > figure.wp-block-image, .kadence-column98_b532ea-eb > .kt-inside-inner-col > figure.wp-block-kadence-image{margin-top:0px;margin-bottom:0px;}.kadence-column98_b532ea-eb > .kt-inside-inner-col > .kb-image-is-ratio-size{flex-grow:1;}}<\/style>\n<div class=\"wp-block-kadence-column kadence-column98_b532ea-eb kb-section-dir-horizontal\"><div class=\"kt-inside-inner-col\"><\/div><\/div>\n\n<\/div><\/div>\n\n<style>.kb-row-layout-id98_3b6266-76 > .kt-row-column-wrap{align-content:start;}:where(.kb-row-layout-id98_3b6266-76 > .kt-row-column-wrap) > .wp-block-kadence-column{justify-content:start;}.kb-row-layout-id98_3b6266-76 > .kt-row-column-wrap{column-gap:var(--global-kb-gap-md, 2rem);row-gap:var(--global-kb-gap-md, 2rem);max-width:1000px;margin-left:auto;margin-right:auto;padding-top:var(--global-kb-spacing-xxl, 5rem);padding-bottom:var(--global-kb-spacing-xxl, 5rem);grid-template-columns:minmax(0, 1fr);}.kb-row-layout-id98_3b6266-76 > .kt-row-layout-overlay{opacity:0.30;}@media all and (max-width: 1024px){.kb-row-layout-id98_3b6266-76 > .kt-row-column-wrap{grid-template-columns:minmax(0, 1fr);}}@media all and (max-width: 767px){.kb-row-layout-id98_3b6266-76 > .kt-row-column-wrap{grid-template-columns:minmax(0, 1fr);}}<\/style><div class=\"kb-row-layout-wrap kb-row-layout-id98_3b6266-76 alignnone has-theme-palette8-background-color kt-row-has-bg wp-block-kadence-rowlayout\"><div class=\"kt-row-column-wrap kt-has-1-columns kt-row-layout-equal kt-tab-layout-inherit kt-mobile-layout-row kt-row-valign-top\">\n<style>.kadence-column98_51da5b-7c > .kt-inside-inner-col,.kadence-column98_51da5b-7c > .kt-inside-inner-col:before{border-top-left-radius:0px;border-top-right-radius:0px;border-bottom-right-radius:0px;border-bottom-left-radius:0px;}.kadence-column98_51da5b-7c > .kt-inside-inner-col{column-gap:var(--global-kb-gap-sm, 1rem);}.kadence-column98_51da5b-7c > .kt-inside-inner-col{flex-direction:column;}.kadence-column98_51da5b-7c > .kt-inside-inner-col > .aligncenter{width:100%;}.kadence-column98_51da5b-7c > .kt-inside-inner-col:before{opacity:0.3;}.kadence-column98_51da5b-7c{position:relative;}@media all and (max-width: 1024px){.kadence-column98_51da5b-7c > .kt-inside-inner-col{flex-direction:column;}}@media all and (max-width: 767px){.kadence-column98_51da5b-7c > .kt-inside-inner-col{flex-direction:column;}}<\/style>\n<div class=\"wp-block-kadence-column kadence-column98_51da5b-7c\"><div class=\"kt-inside-inner-col\"><style>.wp-block-kadence-advancedheading.kt-adv-heading98_daea2d-a2, .wp-block-kadence-advancedheading.kt-adv-heading98_daea2d-a2[data-kb-block=\"kb-adv-heading98_daea2d-a2\"]{text-align:center;font-size:var(--global-kb-font-size-xl, 3rem);font-style:normal;text-transform:uppercase;letter-spacing:1.99px;}.wp-block-kadence-advancedheading.kt-adv-heading98_daea2d-a2 mark, .wp-block-kadence-advancedheading.kt-adv-heading98_daea2d-a2[data-kb-block=\"kb-adv-heading98_daea2d-a2\"] mark{font-style:normal;color:#f76a0c;padding-top:0px;padding-right:0px;padding-bottom:0px;padding-left:0px;}<\/style>\n<h1 class=\"kt-adv-heading98_daea2d-a2 wp-block-kadence-advancedheading\" data-kb-block=\"kb-adv-heading98_daea2d-a2\">Ekstrakty p\u0119dy sosny<\/h1>\n\n\n<style>.wp-block-kadence-iconlist.kt-svg-icon-list-items98_65f0a9-bf:not(.this-stops-third-party-issues){margin-top:0px;margin-bottom:0px;}.wp-block-kadence-iconlist.kt-svg-icon-list-items98_65f0a9-bf ul.kt-svg-icon-list:not(.this-prevents-issues):not(.this-stops-third-party-issues):not(.tijsloc){margin-top:0px;margin-right:0px;margin-bottom:var(--global-kb-spacing-sm, 1.5rem);margin-left:0px;column-gap:50px;}.wp-block-kadence-iconlist.kt-svg-icon-list-items98_65f0a9-bf ul.kt-svg-icon-list{grid-row-gap:30px;}.wp-block-kadence-iconlist.kt-svg-icon-list-items98_65f0a9-bf ul.kt-svg-icon-list .kt-svg-icon-list-item-wrap .kt-svg-icon-list-single{margin-right:10px;}.kt-svg-icon-list-items98_65f0a9-bf ul.kt-svg-icon-list .kt-svg-icon-list-level-0 .kt-svg-icon-list-single svg{font-size:20px;}@media all and (min-width: 1025px){.wp-block-kadence-iconlist.kt-svg-icon-list-items98_65f0a9-bf:not(.kt-svg-icon-list-columns-1) ul.kt-svg-icon-list .kt-svg-icon-list-item-wrap:not(:last-child){margin:0px;}}@media all and (max-width: 1024px){.wp-block-kadence-iconlist.kt-svg-icon-list-items98_65f0a9-bf ul.kt-svg-icon-list{grid-row-gap:30px;}}@media all and (min-width: 768px) and (max-width: 1024px){.wp-block-kadence-iconlist.kt-svg-icon-list-items98_65f0a9-bf:not(.kt-tablet-svg-icon-list-columns-1) ul.kt-svg-icon-list .kt-svg-icon-list-item-wrap:not(:last-child){margin:0px;}}@media all and (max-width: 767px){.wp-block-kadence-iconlist.kt-svg-icon-list-items98_65f0a9-bf ul.kt-svg-icon-list{grid-row-gap:30px;}.wp-block-kadence-iconlist.kt-svg-icon-list-items98_65f0a9-bf:not(.kt-mobile-svg-icon-list-columns-1) ul.kt-svg-icon-list .kt-svg-icon-list-item-wrap:not(:last-child){margin:0px;}}<\/style>\n<div class=\"wp-block-kadence-iconlist kt-svg-icon-list-items kt-svg-icon-list-items98_65f0a9-bf kt-svg-icon-list-columns-2 alignnone kt-list-icon-aligntop\"><ul class=\"kt-svg-icon-list\">\n<li class=\"wp-block-kadence-listitem kt-svg-icon-list-item-wrap kt-svg-icon-list-item-98_126cdd-c7\"><span class=\"kb-svg-icon-wrap kb-svg-icon-fe_checkCircle kt-svg-icon-list-single\"><svg viewBox=\"0 0 24 24\"  fill=\"none\" stroke=\"currentColor\" stroke-width=\"2\" stroke-linecap=\"round\" stroke-linejoin=\"round\" xmlns=\"http:\/\/www.w3.org\/2000\/svg\"  aria-hidden=\"true\"><path d=\"M22 11.08V12a10 10 0 1 1-5.93-9.14\"\/><polyline points=\"22 4 12 14.01 9 11.01\"\/><\/svg><\/span><span class=\"kt-svg-icon-list-text\"><strong>Witaminy i minera\u0142y:<\/strong> P\u0119dy sosny s\u0105 bogate w witamin\u0119 C, kt\u00f3ra jest silnym antyoksydantem i wa\u017cna dla wzmocnienia uk\u0142adu odporno\u015bciowego. Zawieraj\u0105 tak\u017ce witaminy z grupy B oraz sk\u0142adniki mineralne, takie jak magnez, potas i mangan.<\/span><\/li>\n\n\n\n<li class=\"wp-block-kadence-listitem kt-svg-icon-list-item-wrap kt-svg-icon-list-item-98_fae2c8-ac\"><span class=\"kb-svg-icon-wrap kb-svg-icon-fe_checkCircle kt-svg-icon-list-single\"><svg viewBox=\"0 0 24 24\"  fill=\"none\" stroke=\"currentColor\" stroke-width=\"2\" stroke-linecap=\"round\" stroke-linejoin=\"round\" xmlns=\"http:\/\/www.w3.org\/2000\/svg\"  aria-hidden=\"true\"><path d=\"M22 11.08V12a10 10 0 1 1-5.93-9.14\"\/><polyline points=\"22 4 12 14.01 9 11.01\"\/><\/svg><\/span><span class=\"kt-svg-icon-list-text\"><strong>Wspieranie uk\u0142adu oddechowego:<\/strong> W tradycyjnej medycynie ludowej, p\u0119dy sosny s\u0105 u\u017cywane do \u0142agodzenia objaw\u00f3w zwi\u0105zanych z infekcjami g\u00f3rnych dr\u00f3g oddechowych, takimi jak kaszel, katar czy zapalenie gard\u0142a. Mog\u0105 te\u017c pom\u00f3c w udro\u017cnieniu dr\u00f3g oddechowych i zmniejszeniu obrz\u0119ku.<\/span><\/li>\n\n\n\n<li class=\"wp-block-kadence-listitem kt-svg-icon-list-item-wrap kt-svg-icon-list-item-98_948adb-89\"><span class=\"kb-svg-icon-wrap kb-svg-icon-fe_checkCircle kt-svg-icon-list-single\"><svg viewBox=\"0 0 24 24\"  fill=\"none\" stroke=\"currentColor\" stroke-width=\"2\" stroke-linecap=\"round\" stroke-linejoin=\"round\" xmlns=\"http:\/\/www.w3.org\/2000\/svg\"  aria-hidden=\"true\"><path d=\"M22 11.08V12a10 10 0 1 1-5.93-9.14\"\/><polyline points=\"22 4 12 14.01 9 11.01\"\/><\/svg><\/span><span class=\"kt-svg-icon-list-text\"><strong>Przeciwzapalne w\u0142a\u015bciwo\u015bci: <\/strong>P\u0119dy sosny zawieraj\u0105 substancje o dzia\u0142aniu przeciwzapalnym, kt\u00f3re mog\u0105 pom\u00f3c w \u0142agodzeniu stan\u00f3w zapalnych w organizmie.<\/span><\/li>\n\n\n\n<li class=\"wp-block-kadence-listitem kt-svg-icon-list-item-wrap kt-svg-icon-list-item-98_246d80-34\"><span class=\"kb-svg-icon-wrap kb-svg-icon-fe_checkCircle kt-svg-icon-list-single\"><svg viewBox=\"0 0 24 24\"  fill=\"none\" stroke=\"currentColor\" stroke-width=\"2\" stroke-linecap=\"round\" stroke-linejoin=\"round\" xmlns=\"http:\/\/www.w3.org\/2000\/svg\"  aria-hidden=\"true\"><path d=\"M22 11.08V12a10 10 0 1 1-5.93-9.14\"\/><polyline points=\"22 4 12 14.01 9 11.01\"\/><\/svg><\/span><span class=\"kt-svg-icon-list-text\"><strong>Relaksacja i poprawa nastroju:<\/strong> Inhalacja olejku sosnowego lub aromaterapia zwi\u0105zana z zapachem sosny mo\u017ce pom\u00f3c w relaksacji, redukcji stresu i poprawie nastroju.<\/span><\/li>\n\n\n\n<li class=\"wp-block-kadence-listitem kt-svg-icon-list-item-wrap kt-svg-icon-list-item-98_2b7463-b0\"><span class=\"kb-svg-icon-wrap kb-svg-icon-fe_checkCircle kt-svg-icon-list-single\"><svg viewBox=\"0 0 24 24\"  fill=\"none\" stroke=\"currentColor\" stroke-width=\"2\" stroke-linecap=\"round\" stroke-linejoin=\"round\" xmlns=\"http:\/\/www.w3.org\/2000\/svg\"  aria-hidden=\"true\"><path d=\"M22 11.08V12a10 10 0 1 1-5.93-9.14\"\/><polyline points=\"22 4 12 14.01 9 11.01\"\/><\/svg><\/span><span class=\"kt-svg-icon-list-text\"><strong>Poprawa kr\u0105\u017cenia:<\/strong> Niekt\u00f3rzy uwa\u017caj\u0105, \u017ce spo\u017cywanie naparu z p\u0119d\u00f3w sosny mo\u017ce pom\u00f3c w poprawie kr\u0105\u017cenia krwi.<\/span><\/li>\n\n\n\n<li class=\"wp-block-kadence-listitem kt-svg-icon-list-item-wrap kt-svg-icon-list-item-98_c0bf3c-c7\"><span class=\"kb-svg-icon-wrap kb-svg-icon-fe_checkCircle kt-svg-icon-list-single\"><svg viewBox=\"0 0 24 24\"  fill=\"none\" stroke=\"currentColor\" stroke-width=\"2\" stroke-linecap=\"round\" stroke-linejoin=\"round\" xmlns=\"http:\/\/www.w3.org\/2000\/svg\"  aria-hidden=\"true\"><path d=\"M22 11.08V12a10 10 0 1 1-5.93-9.14\"\/><polyline points=\"22 4 12 14.01 9 11.01\"\/><\/svg><\/span><span class=\"kt-svg-icon-list-text\"><strong>Sk\u00f3ra: <\/strong>Zewn\u0119trzne stosowanie preparat\u00f3w zawieraj\u0105cych ekstrakty z p\u0119d\u00f3w sosny mo\u017ce pom\u00f3c w \u0142agodzeniu r\u00f3\u017cnych problem\u00f3w sk\u00f3rnych, takich jak \u0142uszczenie, sw\u0119dzenie czy podra\u017cnienia.<\/span><\/li>\n<\/ul><\/div>\n<\/div><\/div>\n\n<\/div><\/div>\n\n<style>.kb-row-layout-id98_fcbe78-78 > .kt-row-column-wrap{align-content:start;}:where(.kb-row-layout-id98_fcbe78-78 > .kt-row-column-wrap) > .wp-block-kadence-column{justify-content:start;}.kb-row-layout-id98_fcbe78-78 > .kt-row-column-wrap{column-gap:var(--global-kb-gap-md, 2rem);row-gap:var(--global-kb-gap-md, 2rem);max-width:800px;margin-left:auto;margin-right:auto;padding-top:var(--global-kb-spacing-5xl, 10rem);padding-bottom:var(--global-kb-spacing-5xl, 10rem);grid-template-columns:minmax(0, 1fr);}.kb-row-layout-id98_fcbe78-78{background-image:url('http:\/\/osmo.pl\/projekty\/wp-content\/uploads\/2024\/02\/Projekt-Ekstrakty-Pedy-Sosny.jpg');background-size:cover;background-position:14.000000000000002% 89%;background-attachment:scroll;background-repeat:no-repeat;}.kb-row-layout-id98_fcbe78-78 > .kt-row-layout-overlay{opacity:0.30;}@media all and (max-width: 1024px){.kb-row-layout-id98_fcbe78-78 > .kt-row-column-wrap{grid-template-columns:minmax(0, 1fr);}}@media all and (max-width: 767px){.kb-row-layout-id98_fcbe78-78 > .kt-row-column-wrap{grid-template-columns:minmax(0, 1fr);}}<\/style><div class=\"kb-row-layout-wrap kb-row-layout-id98_fcbe78-78 alignnone kt-row-has-bg wp-block-kadence-rowlayout\"><div class=\"kt-row-column-wrap kt-has-1-columns kt-row-layout-equal kt-tab-layout-inherit kt-mobile-layout-row kt-row-valign-top\">\n<style>.kadence-column98_f08e1d-fb > .kt-inside-inner-col{display:flex;}.kadence-column98_f08e1d-fb > .kt-inside-inner-col{padding-top:var(--global-kb-spacing-lg, 3rem);padding-right:var(--global-kb-spacing-sm, 1.5rem);padding-bottom:var(--global-kb-spacing-lg, 3rem);padding-left:var(--global-kb-spacing-sm, 1.5rem);}.kadence-column98_f08e1d-fb > .kt-inside-inner-col{border-top:0px solid #ff9700;border-right:0px solid #ff9700;border-bottom:0px solid #ff9700;border-left:0px solid #ff9700;}.kadence-column98_f08e1d-fb > .kt-inside-inner-col,.kadence-column98_f08e1d-fb > .kt-inside-inner-col:before{border-top-left-radius:40px;border-top-right-radius:40px;border-bottom-right-radius:40px;border-bottom-left-radius:40px;}.kadence-column98_f08e1d-fb > .kt-inside-inner-col{column-gap:var(--global-kb-gap-sm, 1rem);}.kadence-column98_f08e1d-fb > .kt-inside-inner-col{flex-direction:row;flex-wrap:wrap;align-items:center;justify-content:center;}.kadence-column98_f08e1d-fb > .kt-inside-inner-col > *, .kadence-column98_f08e1d-fb > .kt-inside-inner-col > figure.wp-block-image, .kadence-column98_f08e1d-fb > .kt-inside-inner-col > figure.wp-block-kadence-image{margin-top:0px;margin-bottom:0px;}.kadence-column98_f08e1d-fb > .kt-inside-inner-col > .kb-image-is-ratio-size{flex-grow:1;}.kt-row-column-wrap > .kadence-column98_f08e1d-fb{align-self:center;}.kt-inner-column-height-full:not(.kt-has-1-columns) > .wp-block-kadence-column.kadence-column98_f08e1d-fb{align-self:auto;}.kt-inner-column-height-full:not(.kt-has-1-columns) > .wp-block-kadence-column.kadence-column98_f08e1d-fb > .kt-inside-inner-col{align-items:center;}.kadence-column98_f08e1d-fb > .kt-inside-inner-col:before{opacity:0.3;}.kadence-column98_f08e1d-fb{position:relative;}@media all and (max-width: 1024px){.kadence-column98_f08e1d-fb > .kt-inside-inner-col{border-top:0px solid #ff9700;border-right:0px solid #ff9700;border-bottom:0px solid #ff9700;border-left:0px solid #ff9700;flex-direction:row;flex-wrap:wrap;align-items:center;justify-content:center;}}@media all and (min-width: 768px) and (max-width: 1024px){.kadence-column98_f08e1d-fb > .kt-inside-inner-col > *, .kadence-column98_f08e1d-fb > .kt-inside-inner-col > figure.wp-block-image, .kadence-column98_f08e1d-fb > .kt-inside-inner-col > figure.wp-block-kadence-image{margin-top:0px;margin-bottom:0px;}.kadence-column98_f08e1d-fb > .kt-inside-inner-col > .kb-image-is-ratio-size{flex-grow:1;}}@media all and (max-width: 767px){.kadence-column98_f08e1d-fb > .kt-inside-inner-col{border-top:0px solid #ff9700;border-right:0px solid #ff9700;border-bottom:0px solid #ff9700;border-left:0px solid #ff9700;flex-direction:row;flex-wrap:wrap;justify-content:center;}.kadence-column98_f08e1d-fb > .kt-inside-inner-col > *, .kadence-column98_f08e1d-fb > .kt-inside-inner-col > figure.wp-block-image, .kadence-column98_f08e1d-fb > .kt-inside-inner-col > figure.wp-block-kadence-image{margin-top:0px;margin-bottom:0px;}.kadence-column98_f08e1d-fb > .kt-inside-inner-col > .kb-image-is-ratio-size{flex-grow:1;}}<\/style>\n<div class=\"wp-block-kadence-column kadence-column98_f08e1d-fb kb-section-dir-horizontal\"><div class=\"kt-inside-inner-col\"><\/div><\/div>\n\n<\/div><\/div>\n\n<style>.kb-row-layout-id98_061fd0-33 > .kt-row-column-wrap{align-content:start;}:where(.kb-row-layout-id98_061fd0-33 > .kt-row-column-wrap) > .wp-block-kadence-column{justify-content:start;}.kb-row-layout-id98_061fd0-33 > .kt-row-column-wrap{column-gap:var(--global-kb-gap-md, 2rem);row-gap:var(--global-kb-gap-md, 2rem);padding-top:var(--global-kb-spacing-sm, 1.5rem);padding-bottom:var(--global-kb-spacing-sm, 1.5rem);grid-template-columns:minmax(0, 1fr);}.kb-row-layout-id98_061fd0-33 > .kt-row-layout-overlay{opacity:0.30;}@media all and (max-width: 1024px){.kb-row-layout-id98_061fd0-33 > .kt-row-column-wrap{grid-template-columns:minmax(0, 1fr);}}@media all and (max-width: 767px){.kb-row-layout-id98_061fd0-33 > .kt-row-column-wrap{grid-template-columns:minmax(0, 1fr);}}<\/style><div class=\"kb-row-layout-wrap kb-row-layout-id98_061fd0-33 alignnone wp-block-kadence-rowlayout\"><div class=\"kt-row-column-wrap kt-has-1-columns kt-row-layout-equal kt-tab-layout-inherit kt-mobile-layout-row kt-row-valign-top\">\n<style>.kadence-column98_090db5-b9 > .kt-inside-inner-col,.kadence-column98_090db5-b9 > .kt-inside-inner-col:before{border-top-left-radius:0px;border-top-right-radius:0px;border-bottom-right-radius:0px;border-bottom-left-radius:0px;}.kadence-column98_090db5-b9 > .kt-inside-inner-col{column-gap:var(--global-kb-gap-sm, 1rem);}.kadence-column98_090db5-b9 > .kt-inside-inner-col{flex-direction:column;}.kadence-column98_090db5-b9 > .kt-inside-inner-col > .aligncenter{width:100%;}.kadence-column98_090db5-b9 > .kt-inside-inner-col:before{opacity:0.3;}.kadence-column98_090db5-b9{position:relative;}@media all and (max-width: 1024px){.kadence-column98_090db5-b9 > .kt-inside-inner-col{flex-direction:column;}}@media all and (max-width: 767px){.kadence-column98_090db5-b9 > .kt-inside-inner-col{flex-direction:column;}}<\/style>\n<div class=\"wp-block-kadence-column kadence-column98_090db5-b9\"><div class=\"kt-inside-inner-col\"><style>.kb-image98_972574-6e .kb-image-has-overlay:after{opacity:0.3;}<\/style>\n<div class=\"wp-block-kadence-image kb-image98_972574-6e\"><figure class=\"aligncenter size-large\"><img loading=\"lazy\" decoding=\"async\" width=\"1024\" height=\"112\" src=\"http:\/\/osmo.pl\/projekty\/wp-content\/uploads\/2024\/02\/fundusze-europejskie-baner-informacyjny-1024x112.jpg\" alt=\"fundusze europejskie baner informacyjny\" class=\"kb-img wp-image-76\" srcset=\"http:\/\/osmo.pl\/projekty\/wp-content\/uploads\/2024\/02\/fundusze-europejskie-baner-informacyjny-1024x112.jpg 1024w, http:\/\/osmo.pl\/projekty\/wp-content\/uploads\/2024\/02\/fundusze-europejskie-baner-informacyjny-300x33.jpg 300w, http:\/\/osmo.pl\/projekty\/wp-content\/uploads\/2024\/02\/fundusze-europejskie-baner-informacyjny-768x84.jpg 768w, http:\/\/osmo.pl\/projekty\/wp-content\/uploads\/2024\/02\/fundusze-europejskie-baner-informacyjny-1536x167.jpg 1536w, http:\/\/osmo.pl\/projekty\/wp-content\/uploads\/2024\/02\/fundusze-europejskie-baner-informacyjny.jpg 2048w\" sizes=\"(max-width: 1024px) 100vw, 1024px\" \/><\/figure><\/div>\n<\/div><\/div>\n\n<\/div><\/div>","protected":false},"excerpt":{"rendered":"<p>Ekstrakty p\u0119dy sosny<\/p>\n","protected":false},"author":1,"featured_media":0,"parent":0,"menu_order":0,"comment_status":"closed","ping_status":"closed","template":"","meta":{"_kadence_starter_templates_imported_post":false,"_kad_post_transparent":"","_kad_post_title":"hide","_kad_post_layout":"fullwidth","_kad_post_sidebar_id":"","_kad_post_content_style":"unboxed","_kad_post_vertical_padding":"hide","_kad_post_feature":"hide","_kad_post_feature_position":"","_kad_post_header":false,"_kad_post_footer":true,"footnotes":""},"_links":{"self":[{"href":"http:\/\/osmo.pl\/projekty\/wp-json\/wp\/v2\/pages\/98"}],"collection":[{"href":"http:\/\/osmo.pl\/projekty\/wp-json\/wp\/v2\/pages"}],"about":[{"href":"http:\/\/osmo.pl\/projekty\/wp-json\/wp\/v2\/types\/page"}],"author":[{"embeddable":true,"href":"http:\/\/osmo.pl\/projekty\/wp-json\/wp\/v2\/users\/1"}],"replies":[{"embeddable":true,"href":"http:\/\/osmo.pl\/projekty\/wp-json\/wp\/v2\/comments?post=98"}],"version-history":[{"count":8,"href":"http:\/\/osmo.pl\/projekty\/wp-json\/wp\/v2\/pages\/98\/revisions"}],"predecessor-version":[{"id":146,"href":"http:\/\/osmo.pl\/projekty\/wp-json\/wp\/v2\/pages\/98\/revisions\/146"}],"wp:attachment":[{"href":"http:\/\/osmo.pl\/projekty\/wp-json\/wp\/v2\/media?parent=98"}],"curies":[{"name":"wp","href":"https:\/\/api.w.org\/{rel}","templated":true}]}}